+ 0 - 1/12*w**k + 5/3*w**3. Determine l(10).
-2
Let n(y) be the second derivative of y**4/12 - y**3/6 + 41*y. Let z = 22 - 10. Let x be (-8)/z + 8/3. Give n(x).
2
Let d = -15 - -13. Let b = 23 + -10. Let s(g) = b*g + 15*g - 31*g - 1 - 4*g**2. Determine s(d).
-11
Let k(m) = 2*m**3 - 9*m**2 + 10*m + 1. Let g be k(3). Let u(j) = 8*j - 3. Let c(i) = -1. Let z be (7/14)/(1/2). Let a(h) = z*u(h) - 3*c(h). What is a(g)?
32
Let g(x) = 47*x + 46*x - 90*x + 2*x**3 + 4 + 5*x**2. Let w(a) = 3*a**3 + 6*a**2 + 3*a + 6. Let p(v) = 4*g(v) - 3*w(v). Let o = 1 + 2. Give p(o).
-2
Suppose -5*i + i + 20 = 0. Suppose i*a - 2*a - 12 = 0. Suppose 22 = 3*v + a. Let o(p) = -p**3 + 7*p**2 - 7*p + 8. Give o(v).
2
Let k(n) = -10*n**3 - 7*n**2 - 4*n. Let i(t) = -9*t**3 - 6*t**2 - 3*t - 2. Let s(g) = 5*i(g) - 4*k(g). Calculate s(-3).
104
Let h be 7 + 364/(-24) + (-21 - -30). Let i(x) be the third derivative of -1/24*x**4 + h*x**3 + 5*x**2 + 3*x + 0. What is i(6)?
-1
Let l = 5 - 3. Suppose l*t = 50 - 56. Let v(a) be the first derivative of -a**4/4 - 5*a**3/3 - 2*a**2 - 3*a + 23. Determine v(t).
-9
Suppose -3*y + 3 = -0*j + 3*j, -j = -2*y + 11. Suppose 0 = 2*x - 9*u + 8*u + 10, y*x + 4*u = -20. Let d(m) = m**2 + 6*m - 5. What is d(x)?
-10
Suppose -4*m + 25 = 5*i - 23, 0 = -3*m + 5*i + 1. Suppose 3 = -5*r - m. Let p(z) = z**3 + 4*z**2 + 0*z + 3 - 4 - 3*z - 6*z**2. Determine p(r).
-11
Let x(f) = f**3 + 4*f**2 - 5*f + 7. Let h be (-3 + 2 - -5)/(6/(-3)). Let p be (-3)/2*(h - (-96)/18). What is x(p)?
7
Let w(o) be the second derivative of o**4/12 + o**3/6 + o**2 + 20*o. Let f(l) = -l**3 - 19*l**2 - 19*l - 25. Let x(i) = -f(i) - 6*w(i). Calculate x(-12).
1
Let q(c) = 13*c. Let x(m) = -14*m + 3. Let s(z) = 7*q(z) + 6*x(z). Let v(k) = 20*k + 53. Let w(j) = 17*s(j) - 6*v(j). Give w(-11).
-1
Let d(s) be the second derivative of s**5/20 - s**4/12 - s**3/6 + s**2/2 - s. Let r be (0 + (-24)/10)/(1404/1755). Calculate d(r).
-32
Let s(v) = 3*v + 7 - 4*v + 2*v. Let c be s(-7). Suppose c*x + 8*x = -56. Let w(z) = z**2 + 7*z - 5. Give w(x).
-5
Let v(i) = -4*i**2 + 24*i - 12. Let g(f) = 3*f**2 - 22*f + 9. Let j(z) = -3*g(z) - 2*v(z). Calculate j(17).
14
Let q(m) = -m**3 - 45*m**2 - 87*m - 32. Let p = 4018 - 4061. Determine q(p).
11
Let u(x) = -7*x**2 + 14*x - 14. Let l(z) = -4*z**2 - 8. Let i(v) = 2*l(v) - u(v). Give i(-14).
-2
Let s(b) = b**3 + b**2 - b - 7. Let o be ((-6)/(-12)*0)/(-1 - 0). Suppose o = -3*z - 3*w, z - 3*z = -5*w. Give s(z).
-7
Let s(i) = -1 - 128748*i + 2*i**2 + 128717*i + 4*i**2 + 2 - 5*i**2. Give s(30).
-29
Let l(x) = 27*x - 57. Let g be l(2). Let r(a) = 8*a. Let y(w) = 3*w - 1. Let k(p) = g*y(p) + r(p). What is k(-4)?
7
Let f(u) = -23*u**3 - 25*u**2 - u + 23. Let c(i) = -19*i**3 - 22*i**2 + 22. Let k(o) = -6*c(o) + 5*f(o). Give k(6).
-11
Let k(f) be the first derivative of 3*f**2 - 7*f + 2. Let o = -165 + 171. Determine k(o).
29
Suppose 12*v + 138 = -114. Let i = 25 + v. Let t(p) = 2*p**2 - 7*p + 6. Determine t(i).
10
Let t = -220 + 233. Suppose -2*f + 8 = k + f, 2*f = 3*k - t. Let x(o) = 2 - 3*o + 4 - 1 + 2. Calculate x(k).
-8
Let i(k) = -13 + 4 - 11 + 385*k - 396*k. Give i(-7).
57
Suppose -2*g + 9*m = 4*m - 54, 2*g - 38 = m. Suppose 0 = -9*u + 1 + g. Let a(f) be the third derivative of f**4/8 - f**3/2 + 2*f**2. Give a(u).
3
Suppose 57 = 9*t - 60. Let g = 16 - t. Suppose 5*f = -2*p + 16 + 17, -g*p + 27 = 3*f. Let z(x) = -x**3 + 6*x**2 - 5*x + 6. What is z(f)?
6
Suppose 3*d - d = -8, 3*a = -3*d - 30. Let g be (4 + (-11)/3)/((-1)/a). Let o(u) = -u**2 + 14*u**2 + 6*u - 7*u**g - 5*u**2 + 2. Give o(-5).
-3
Let m(a) = -a**2 - 30*a + 107. Let s(v) = v**2 - 38*v + 72. Let k be s(35). Let q be m(k). Let o(b) = 3*b + 9. Calculate o(q).
33
Let i be 7 - (-10)/(-4)*(-12)/(-15). Suppose 1 = -2*p + p, i*b + p = -146. Let o = -26 - b. Let g(h) = h**2 - h + 3. Determine g(o).
9
Let d(c) = -2*c - 1. Suppose 41 = 5*b - 4*r, -2*b + 6*b - 3*r - 32 = 0. Suppose 2*p - 2*x = 4*p + 8, -4*p - b*x = 20. Suppose p = t - 5 + 3. Give d(t).
-5
Let b(k) = -k**2 - 5*k - 6. Let p = 77 - 77. Suppose -6*h + 11*h - 75 = p. Suppose 15 = -5*m - h. Determine b(m).
-12
Let h(g) = -g - 2. Suppose -4*y - k + 6*k = 70, 4*k = 4*y + 72. Let d = y + 30. Let s be (-216)/(-40) - 4/d. Give h(s).
-7
Let f(t) = 3*t**2 - 3*t - 10. Let r(g) = g**2 - 13*g + 25. Let y be r(11). Let s be f(y). Let k(z) = z + 8. Determine k(s).
16
Let b(h) = -6*h + 31. Suppose -3*q = 3*w - 3, -72 + 59 = -q - 4*w. What is b(q)?
49
Let l(c) = -6*c + 7. Let x(u) = -5*u + 7. Let z(f) = 4*l(f) - 5*x(f). Let d(r) = -625*r + 3125. Let h be d(5). Determine z(h).
-7
Let a(f) = -137*f + 119. Let i(t) = 62*t - 59. Let s(y) = 4*a(y) + 9*i(y). What is s(9)?
35
Let u(t) = -7*t**2 - t**3 + 8*t + 30 - 10 - 9. Calculate u(-8).
11
Let h(b) be the first derivative of -2*b**2 - 11*b - 1038. Calculate h(-3).
1
Let l(n) = -8*n**3 + n**2. Let b = -120 - -136. Suppose -b*w + 3 = -13*w. What is l(w)?
-7
Suppose 9*f - 13*f = -m + 19, 3*f = 5*m - 27. Let w(s) = 2*s**2 - 3*s + 7. Calculate w(m).
16
Let a(p) = 26*p + 9. Let g(o) = 45*o + 17. Let j(h) = 7*a(h) - 4*g(h). Let v = 7 - 2. Suppose -3*n + v*q = 3*q - 12, 0 = -5*n - 4*q + 42. Give j(n).
7
Suppose -i + l - 41 = 0, 4*i + 6354 - 6225 = -3*l. Let s(f) = f**3 + 38*f**2 + 73*f + 15. Give s(i).
-21
Let x(i) = 9*i. Let o = -17 - -21. Suppose 0 = -9*n + o - 31. Let g(f) = 3*f + 10. Let r be g(n). What is x(r)?
9
Let w(m) = m**2 - 5*m + 2. Let s(t) = -13*t - 125. Suppose 5*o = -2*q - 20, 0 = 3*q + 3*o + 42 - 12. Let d be s(q). Calculate w(d).
2
Let p(c) = 3*c**3 + 6*c**2 + 7*c - 3. Let g(y) = 7*y**3 + 12*y**2 + 15*y - 9. Let j(b) = -2*g(b) + 5*p(b). Give j(-4).
15
Let c(l) be the first derivative of 10*l**3/3 - 3*l**2/2 + 2*l + 25. Let i be (1/(-3))/(2/(-12)). What is c(i)?
36
Let k(p) = -67*p - 63. Let v be -8 + -3 - 160/(-16). Give k(v).
4
Let s(z) = -383 - 20*z**2 + 340 + 19*z**2 - 3*z. Give s(0).
-43
Suppose -7 + 1 = 2*r, 7 = -4*y + 3*r. Let m(s) be the third derivative of -s**6/120 - s**5/15 - 5*s**4/24 + s**3/6 + 602*s**2. Determine m(y).
21
Let q(y) = y - 10. Let n be q(8). Let m(o) be the third derivative of -o**6/120 - o**5/60 + o**4/8 + o**3/2 - 6378*o**2. Determine m(n).
1
Let v(x) = x**2 - 905*x - 5457. Let w be v(-6). Let r(n) = n**2 - 12*n + 12. Calculate r(w).
-15
Suppose -2*o = 3*r - 175, -r - 52 = -2*o + 127. Let j(h) = 30*h + 29*h + h**2 + 23*h - o*h - 5. Suppose -9 = -3*m + 6. What is j(m)?
-15
Let g(m) = m**2 + 10*m + 11. Let p = 97 + -95. Let y(z) = -z**2 - 9*z - 10. Let a(i) = p*g(i) + 3*y(i). What is a(-6)?
-2
Let i(l) = l**2 - 5*l - 2. Let x(j) = 2*j**3 + 23*j**2 - 2*j - 5. Let p be x(-12). Let w = 130 + p. Give i(w).
-2
Let y(o) = -10*o - 195. Suppose 82*d + d + 2320 = -33*d. Give y(d).
5
Suppose -8*o + 5*o + 31 = 2*q, 3*q + 2*o = 24. Let l(d) = -19*d + 12. What is l(q)?
-26
Let p(b) = -2*b - 8. Let z be p(-7). Let t(f) = -31*f - 60. Let c be t(-2). Let w(n) = 9*n - c - 2*n - n**2 - 2*n. Give w(z).
-8
Suppose 0*q - q - 3*f = -17, 0 = -3*q - f + 11. Let y(l) be the first derivative of -l**4/2 + l**3/3 + l**2 + l - 141. Calculate y(q).
-7
Let k(f) = 10*f + 469. Let g be k(-43). Let z(d) = -5*d - 6 - g + d**2 + 49. Suppose 2*m + 8 = 4*y - 6, 0 = y - 5*m + 1. Give z(y).
0
Suppose 0*d + 17*d - 102 = -0*d. Let s(c) = -c**2 + c + 11. Give s(d).
-19
Let o(v) be the third derivative of 3/2*v**3 - 1/10*v**5 + 0*v + 1/120*v**6 + 14*v**2 + 0 - 1/3*v**4. Suppose -5*q - 2*c + 20 = c, 1 = -2*q - 3*c. Give o(q).
2
Let h(z) be the third derivative of -z**5/60 - z**4/3 - z**3/2 + 4282*z**2. Determine h(-8).
-3
Let a(v) = -3*v + 11. Let m be a(3). Let u(x) = 3*x - 2*x - 14 - x**2 + m - 8*x. Let c be u(-5). Let y(j) = -j**3 - 2*j**2 - 2*j - 3. Determine y(c).
1
Let x be 415*14/700 - (-3)/(-10). Let a(c) = 6*c - 22. Calculate a(x).
26
Let c(o) = 6*o + 13. Let i(q) = -17*q - 38. Let l(d) = 8*c(d) + 3*i(d). Let m = 21460 - 21467. Calculate l(m).
11
Let k(n) = 434*n - 17788. Let c be k(41). Let p(o) = -o + 33. Let m(d) = -11. Let z(q) = 11*m(q) + 4*p(q). What is z(c)?
-13
Let u(w) = 2*w**2 - 2*w - 2. Let y(f) = 4*f**2 - 4*f - 4. Let o(b) = -3*u(b) + 2*y(b). Give o(4).
22
Suppose 387 = -55*m - 163. Let p(t) = t + 51. Give p(m).
41
Let m(z) = 159*z + 4761. Let n be m(-30). Let c(j) = j**3 + 8*j**2 - 12*j - 18. Determine 